{"id":6352,"date":"2017-06-05T15:48:44","date_gmt":"2017-06-05T13:48:44","guid":{"rendered":"http:\/\/www.naturalna-plodnosc.pl\/?page_id=6352"},"modified":"2017-06-05T15:48:44","modified_gmt":"2017-06-05T13:48:44","slug":"zegar-biologiczny-kobiety-i-mezczyzny","status":"publish","type":"page","link":"https:\/\/www.naturalna-plodnosc.pl\/index.php\/ciaza\/planowanie-ciazy\/zegar-biologiczny-kobiety-i-mezczyzny\/","title":{"rendered":"Zegar biologiczny kobiety i m\u0119\u017cczyzny"},"content":{"rendered":"<p><strong><img loading=\"lazy\" decoding=\"async\" data-attachment-id=\"6354\" data-permalink=\"https:\/\/www.naturalna-plodnosc.pl\/index.php\/ciaza\/planowanie-ciazy\/zegar-biologiczny-kobiety-i-mezczyzny\/zegar-biologiczny\/\" data-orig-file=\"https:\/\/www.naturalna-plodnosc.pl\/wp-content\/uploads\/2017\/06\/zegar-biologiczny.jpg\" data-orig-size=\"640,640\" data-comments-opened=\"1\" data-image-meta=\"{&quot;aperture&quot;:&quot;0&quot;,&quot;credit&quot;:&quot;&quot;,&quot;camera&quot;:&quot;&quot;,&quot;caption&quot;:&quot;&quot;,&quot;created_timestamp&quot;:&quot;0&quot;,&quot;copyright&quot;:&quot;&quot;,&quot;focal_length&quot;:&quot;0&quot;,&quot;iso&quot;:&quot;0&quot;,&quot;shutter_speed&quot;:&quot;0&quot;,&quot;title&quot;:&quot;&quot;,&quot;orientation&quot;:&quot;0&quot;}\" data-image-title=\"zegar biologiczny\" data-image-description=\"\" data-image-caption=\"\" data-large-file=\"https:\/\/www.naturalna-plodnosc.pl\/wp-content\/uploads\/2017\/06\/zegar-biologiczny.jpg\" class=\"size-medium wp-image-6354 alignleft\" src=\"http:\/\/www.naturalna-plodnosc.pl\/wp-content\/uploads\/2017\/06\/zegar-biologiczny-250x250.jpg\" alt=\"\" width=\"250\" height=\"250\" srcset=\"https:\/\/www.naturalna-plodnosc.pl\/wp-content\/uploads\/2017\/06\/zegar-biologiczny.jpg 250w, https:\/\/www.naturalna-plodnosc.pl\/wp-content\/uploads\/2017\/06\/zegar-biologiczny.jpg 150w, https:\/\/www.naturalna-plodnosc.pl\/wp-content\/uploads\/2017\/06\/zegar-biologiczny.jpg 640w\" sizes=\"(max-width: 250px) 100vw, 250px\" \/>Od wielu lat powtarzany \u00a0i utrwalany jest pogl\u0105d, \u017ce zegar biologiczny chodzi w przyspieszonym tempie jedynie w przypadku kobiet, natomiast p\u0142odno\u015bci m\u0119\u017cczyzn w zasadzie on nie dotyczy. Rzadko si\u0119 spotyka, by panowie s\u0142yszeli zdanie \u201ebierz si\u0119 do roboty, bo zegar biologiczny jest nieub\u0142agalny!\u201d. Za to paniom po 30, kt\u00f3re jeszcze nie posiadaj\u0105 dzieci \u2013 zadaje si\u0119 je bardzo cz\u0119sto. Czy faktycznie jedynie kobiety powinny martwi\u0107 si\u0119 o poziom swojej p\u0142odno\u015bci, kiedy przekrocz\u0105 magiczn\u0105 trzydziestk\u0119? Ot\u00f3\u017c, jak potwierdzaj\u0105 naukowcy, mit ten nale\u017cy obali\u0107, poniewa\u017c natura i up\u0142ywaj\u0105cy czas dotykaj\u0105 r\u00f3wnie\u017c m\u0119\u017cczyzn i znane s\u0142owa \u201em\u0119\u017cczyzna mo\u017ce zawsze\u201d przestaj\u0105 mie\u0107 odzwierciedlenie w rzeczywisto\u015bci. Jak to dok\u0142adnie jest z tym zegarem biologicznym kobiet i m\u0119\u017cczyzn?<\/strong><\/p>\n<p>Ka\u017cda kobieta rodzi si\u0119 z okre\u015blon\u0105 ilo\u015bci\u0105 p\u0119cherzyk\u00f3w w jajnikach, kt\u00f3re okre\u015bla si\u0119 mianem tzw. rezerwy jajnikowej. Jednak z ka\u017cdym kolejnym cyklem menstruacyjnym\u00a0 systematycznie ich ubywa, tak, by w pewnym momencie ca\u0142kowicie si\u0119 wyczerpa\u0107. Wtedy dochodzi do momentu, \u017ce kobieta nie jest ju\u017c zdolna do pocz\u0119cia i narodzin dziecka. Nie jest znany dok\u0142adny moment, kiedy to nast\u0105pi, poniewa\u017c jest to kwestia indywidualna i zale\u017cy od wielu czynnik\u00f3w. Jednym z najwa\u017cniejszych jest w\u0142a\u015bnie up\u0142ywaj\u0105cy czas. Najlepszy wiek kobiety na pocz\u0119cie dziecka to 20-25 lat. Wtedy jako\u015b\u0107 kom\u00f3rek jajowych jest najlepsza i panie posiadaj\u0105 ich optymaln\u0105 ilo\u015b\u0107. Po 25 roku \u017cycia zaczyna stopniowo si\u0119 zmniejsza\u0107, ale do 30 roku \u017cycia wynosi nadal 75%, czyli szanse na ci\u0105\u017c\u0119 nadal s\u0105 do\u015b\u0107 wysokie. Statystycznie po 35 roku \u017cycia zaczynaj\u0105 si\u0119 problemy z pocz\u0119ciem dziecka, poniewa\u017c zwi\u0119ksza si\u0119 ryzyko wyst\u0105pienia wad chromosomalnych kom\u00f3rek jajowych oraz ryzyko poronie\u0144. Jako\u015b\u0107 materia\u0142u genetycznego nie jest ju\u017c tak wysoka, jak w przypadku 20-letnich kobiet. Po 40 roku \u017cycia ro\u015bnie prawdopodobie\u0144stwo wyst\u0105pienia wady genetycznej u p\u0142odu, w tym zespo\u0142u Downa. Ryzyko mongolizmu zwi\u0119ksza si\u0119 do 1 na 100 urodze\u0144. U 45-letnich kobiet wynosi ju\u017c ono do\u00a0 1 na 30, czyli ro\u015bnie ponad trzykrotnie. Wtedy r\u00f3wnie\u017c wiele ci\u0105\u017c ko\u0144czy si\u0119 poronieniem, a samo pocz\u0119cie jest ju\u017c wyj\u0105tkowo trudne.<\/p>\n<p>Czas w przypadku p\u0142odno\u015bci jest niestety nieub\u0142agalny. Dotyczy to r\u00f3wnie\u017c m\u0119\u017cczyzn! Ich zegar biologiczny wygl\u0105da do\u015b\u0107 analogicznie w kwestii jako\u015bci nasienia i materia\u0142u genetycznego, kt\u00f3re systematycznie si\u0119 pogarszaj\u0105. Wp\u0142ywa na to nie tylko wiek, ale r\u00f3wnie\u017c nieodpowiedni styl \u017cycia: niewysypianie si\u0119, stres, z\u0142a dieta, alkohol, papierosy,\u00a0 stosowanie steryd\u00f3w, przegrzewanie j\u0105der, a tak\u017ce zanieczyszczone \u015brodowisko. Po 35 roku \u017cycia maleje ruchliwo\u015b\u0107 plemnik\u00f3w, przez co nie spe\u0142niaj\u0105 ju\u017c tak dobrze swojej funkcji, co kiedy\u015b. Ro\u015bnie ryzyko narodzin dziecka z autyzmem i schizofreni\u0105. Ponadto, im m\u0119\u017cczyzna starszy, tym zap\u0142odnienie partnerki staje si\u0119 trudniejsze przez problemy z erekcj\u0105 itd. Z ka\u017cdym kolejnym rokiem spada jako\u015b\u0107 nasienia, materia\u0142 DNA mo\u017ce by\u0107 uszkodzony i nie jest ju\u017c \u00a0zdolny do regeneracji i naturalnej samonaprawy, co by\u0142oby mo\u017cliwe jeszcze pare lat wcze\u015bniej.\u00a0 Zwi\u0119ksza si\u0119 wtedy prawdopodobie\u0144stwo poronie\u0144 oraz narodzin dziecka z powa\u017cn\u0105 chorob\u0105 genetyczn\u0105.<\/p>\n","protected":false},"excerpt":{"rendered":"<p>Od wielu lat powtarzany \u00a0i utrwalany jest pogl\u0105d, \u017ce zegar biologiczny chodzi w przyspieszonym tempie jedynie w przypadku kobiet, natomiast p\u0142odno\u015bci m\u0119\u017cczyzn w zasadzie on nie dotyczy. Rzadko si\u0119 spotyka, by panowie s\u0142yszeli zdanie \u201ebierz si\u0119 do roboty, bo zegar biologiczny jest nieub\u0142agalny!\u201d. Za to paniom po 30, kt\u00f3re jeszcze nie posiadaj\u0105 dzieci \u2013 zadaje [&hellip;]<\/p>\n","protected":false},"author":1,"featured_media":0,"parent":143,"menu_order":0,"comment_status":"open","ping_status":"open","template":"","meta":{"_et_pb_use_builder":"","_et_pb_old_content":"","_et_gb_content_width":"","footnotes":""},"class_list":["post-6352","page","type-page","status-publish","hentry"],"yoast_head":"<!-- This site is optimized with the Yoast SEO plugin v27.4 - https:\/\/yoast.com\/product\/yoast-seo-wordpress\/ -->\n<title>Zegar biologiczny kobiety i m\u0119\u017cczyzny - Naturalna P\u0142odno\u015b\u0107<\/title>\n<meta name=\"robots\" content=\"index, follow, max-snippet:-1, max-image-preview:large, max-video-preview:-1\" \/>\n<link rel=\"canonical\" href=\"https:\/\/www.naturalna-plodnosc.pl\/index.php\/ciaza\/planowanie-ciazy\/zegar-biologiczny-kobiety-i-mezczyzny\/\" \/>\n<meta property=\"og:locale\" content=\"pl_PL\" \/>\n<meta property=\"og:type\" content=\"article\" \/>\n<meta property=\"og:title\" content=\"Zegar biologiczny kobiety i m\u0119\u017cczyzny - Naturalna P\u0142odno\u015b\u0107\" \/>\n<meta property=\"og:description\" content=\"Od wielu lat powtarzany \u00a0i utrwalany jest pogl\u0105d, \u017ce zegar biologiczny chodzi w przyspieszonym tempie jedynie w przypadku kobiet, natomiast p\u0142odno\u015bci m\u0119\u017cczyzn w zasadzie on nie dotyczy. Rzadko si\u0119 spotyka, by panowie s\u0142yszeli zdanie \u201ebierz si\u0119 do roboty, bo zegar biologiczny jest nieub\u0142agalny!\u201d. Za to paniom po 30, kt\u00f3re jeszcze nie posiadaj\u0105 dzieci \u2013 zadaje [&hellip;]\" \/>\n<meta property=\"og:url\" content=\"https:\/\/www.naturalna-plodnosc.pl\/index.php\/ciaza\/planowanie-ciazy\/zegar-biologiczny-kobiety-i-mezczyzny\/\" \/>\n<meta property=\"og:site_name\" content=\"Naturalna P\u0142odno\u015b\u0107\" \/>\n<meta property=\"article:publisher\" content=\"https:\/\/www.facebook.com\/NaturalnaPlodnosc\/\" \/>\n<meta property=\"og:image\" content=\"http:\/\/www.naturalna-plodnosc.pl\/wp-content\/uploads\/2017\/06\/zegar-biologiczny-250x250.jpg\" \/>\n<meta name=\"twitter:card\" content=\"summary_large_image\" \/>\n<meta name=\"twitter:label1\" content=\"Szacowany czas czytania\" \/>\n\t<meta name=\"twitter:data1\" content=\"3 minuty\" \/>\n<script type=\"application\/ld+json\" class=\"yoast-schema-graph\">{\"@context\":\"https:\\\/\\\/schema.org\",\"@graph\":[{\"@type\":\"WebPage\",\"@id\":\"https:\\\/\\\/www.naturalna-plodnosc.pl\\\/index.php\\\/ciaza\\\/planowanie-ciazy\\\/zegar-biologiczny-kobiety-i-mezczyzny\\\/\",\"url\":\"https:\\\/\\\/www.naturalna-plodnosc.pl\\\/index.php\\\/ciaza\\\/planowanie-ciazy\\\/zegar-biologiczny-kobiety-i-mezczyzny\\\/\",\"name\":\"Zegar biologiczny kobiety i m\u0119\u017cczyzny - Naturalna P\u0142odno\u015b\u0107\",\"isPartOf\":{\"@id\":\"https:\\\/\\\/www.naturalna-plodnosc.pl\\\/#website\"},\"primaryImageOfPage\":{\"@id\":\"https:\\\/\\\/www.naturalna-plodnosc.pl\\\/index.php\\\/ciaza\\\/planowanie-ciazy\\\/zegar-biologiczny-kobiety-i-mezczyzny\\\/#primaryimage\"},\"image\":{\"@id\":\"https:\\\/\\\/www.naturalna-plodnosc.pl\\\/index.php\\\/ciaza\\\/planowanie-ciazy\\\/zegar-biologiczny-kobiety-i-mezczyzny\\\/#primaryimage\"},\"thumbnailUrl\":\"http:\\\/\\\/www.naturalna-plodnosc.pl\\\/wp-content\\\/uploads\\\/2017\\\/06\\\/zegar-biologiczny-250x250.jpg\",\"datePublished\":\"2017-06-05T13:48:44+00:00\",\"breadcrumb\":{\"@id\":\"https:\\\/\\\/www.naturalna-plodnosc.pl\\\/index.php\\\/ciaza\\\/planowanie-ciazy\\\/zegar-biologiczny-kobiety-i-mezczyzny\\\/#breadcrumb\"},\"inLanguage\":\"pl-PL\",\"potentialAction\":[{\"@type\":\"ReadAction\",\"target\":[\"https:\\\/\\\/www.naturalna-plodnosc.pl\\\/index.php\\\/ciaza\\\/planowanie-ciazy\\\/zegar-biologiczny-kobiety-i-mezczyzny\\\/\"]}]},{\"@type\":\"ImageObject\",\"inLanguage\":\"pl-PL\",\"@id\":\"https:\\\/\\\/www.naturalna-plodnosc.pl\\\/index.php\\\/ciaza\\\/planowanie-ciazy\\\/zegar-biologiczny-kobiety-i-mezczyzny\\\/#primaryimage\",\"url\":\"http:\\\/\\\/www.naturalna-plodnosc.pl\\\/wp-content\\\/uploads\\\/2017\\\/06\\\/zegar-biologiczny-250x250.jpg\",\"contentUrl\":\"http:\\\/\\\/www.naturalna-plodnosc.pl\\\/wp-content\\\/uploads\\\/2017\\\/06\\\/zegar-biologiczny-250x250.jpg\"},{\"@type\":\"BreadcrumbList\",\"@id\":\"https:\\\/\\\/www.naturalna-plodnosc.pl\\\/index.php\\\/ciaza\\\/planowanie-ciazy\\\/zegar-biologiczny-kobiety-i-mezczyzny\\\/#breadcrumb\",\"itemListElement\":[{\"@type\":\"ListItem\",\"position\":1,\"name\":\"Strona g\u0142\u00f3wna\",\"item\":\"https:\\\/\\\/www.naturalna-plodnosc.pl\\\/\"},{\"@type\":\"ListItem\",\"position\":2,\"name\":\"Ci\u0105\u017ca\",\"item\":\"https:\\\/\\\/www.naturalna-plodnosc.pl\\\/index.php\\\/ciaza\\\/\"},{\"@type\":\"ListItem\",\"position\":3,\"name\":\"Planowanie ci\u0105\u017cy\",\"item\":\"https:\\\/\\\/www.naturalna-plodnosc.pl\\\/index.php\\\/ciaza\\\/planowanie-ciazy\\\/\"},{\"@type\":\"ListItem\",\"position\":4,\"name\":\"Zegar biologiczny kobiety i m\u0119\u017cczyzny\"}]},{\"@type\":\"WebSite\",\"@id\":\"https:\\\/\\\/www.naturalna-plodnosc.pl\\\/#website\",\"url\":\"https:\\\/\\\/www.naturalna-plodnosc.pl\\\/\",\"name\":\"Naturalna P\u0142odno\u015b\u0107\",\"description\":\"Antykoncepcja Bez Hormon\u00f3w i Planowanie Ci\u0105\u017cy\",\"publisher\":{\"@id\":\"https:\\\/\\\/www.naturalna-plodnosc.pl\\\/#organization\"},\"potentialAction\":[{\"@type\":\"SearchAction\",\"target\":{\"@type\":\"EntryPoint\",\"urlTemplate\":\"https:\\\/\\\/www.naturalna-plodnosc.pl\\\/?s={search_term_string}\"},\"query-input\":{\"@type\":\"PropertyValueSpecification\",\"valueRequired\":true,\"valueName\":\"search_term_string\"}}],\"inLanguage\":\"pl-PL\"},{\"@type\":\"Organization\",\"@id\":\"https:\\\/\\\/www.naturalna-plodnosc.pl\\\/#organization\",\"name\":\"Naturalna P\u0142odno\u015b\u0107\",\"url\":\"https:\\\/\\\/www.naturalna-plodnosc.pl\\\/\",\"logo\":{\"@type\":\"ImageObject\",\"inLanguage\":\"pl-PL\",\"@id\":\"https:\\\/\\\/www.naturalna-plodnosc.pl\\\/#\\\/schema\\\/logo\\\/image\\\/\",\"url\":\"https:\\\/\\\/i2.wp.com\\\/www.naturalna-plodnosc.pl\\\/wp-content\\\/uploads\\\/2017\\\/10\\\/logo-Naturalna-Plodnosc_favicon.png?fit=68%2C78\",\"contentUrl\":\"https:\\\/\\\/i2.wp.com\\\/www.naturalna-plodnosc.pl\\\/wp-content\\\/uploads\\\/2017\\\/10\\\/logo-Naturalna-Plodnosc_favicon.png?fit=68%2C78\",\"width\":68,\"height\":78,\"caption\":\"Naturalna P\u0142odno\u015b\u0107\"},\"image\":{\"@id\":\"https:\\\/\\\/www.naturalna-plodnosc.pl\\\/#\\\/schema\\\/logo\\\/image\\\/\"},\"sameAs\":[\"https:\\\/\\\/www.facebook.com\\\/NaturalnaPlodnosc\\\/\",\"https:\\\/\\\/www.instagram.com\\\/naturalnaplodnosc.pl\\\/\"]}]}<\/script>\n<!-- \/ Yoast SEO plugin. -->","yoast_head_json":{"title":"Zegar biologiczny kobiety i m\u0119\u017cczyzny - Naturalna P\u0142odno\u015b\u0107","robots":{"index":"index","follow":"follow","max-snippet":"max-snippet:-1","max-image-preview":"max-image-preview:large","max-video-preview":"max-video-preview:-1"},"canonical":"https:\/\/www.naturalna-plodnosc.pl\/index.php\/ciaza\/planowanie-ciazy\/zegar-biologiczny-kobiety-i-mezczyzny\/","og_locale":"pl_PL","og_type":"article","og_title":"Zegar biologiczny kobiety i m\u0119\u017cczyzny - Naturalna P\u0142odno\u015b\u0107","og_description":"Od wielu lat powtarzany \u00a0i utrwalany jest pogl\u0105d, \u017ce zegar biologiczny chodzi w przyspieszonym tempie jedynie w przypadku kobiet, natomiast p\u0142odno\u015bci m\u0119\u017cczyzn w zasadzie on nie dotyczy. Rzadko si\u0119 spotyka, by panowie s\u0142yszeli zdanie \u201ebierz si\u0119 do roboty, bo zegar biologiczny jest nieub\u0142agalny!\u201d. Za to paniom po 30, kt\u00f3re jeszcze nie posiadaj\u0105 dzieci \u2013 zadaje [&hellip;]","og_url":"https:\/\/www.naturalna-plodnosc.pl\/index.php\/ciaza\/planowanie-ciazy\/zegar-biologiczny-kobiety-i-mezczyzny\/","og_site_name":"Naturalna P\u0142odno\u015b\u0107","article_publisher":"https:\/\/www.facebook.com\/NaturalnaPlodnosc\/","og_image":[{"url":"http:\/\/www.naturalna-plodnosc.pl\/wp-content\/uploads\/2017\/06\/zegar-biologiczny-250x250.jpg","type":"","width":"","height":""}],"twitter_card":"summary_large_image","twitter_misc":{"Szacowany czas czytania":"3 minuty"},"schema":{"@context":"https:\/\/schema.org","@graph":[{"@type":"WebPage","@id":"https:\/\/www.naturalna-plodnosc.pl\/index.php\/ciaza\/planowanie-ciazy\/zegar-biologiczny-kobiety-i-mezczyzny\/","url":"https:\/\/www.naturalna-plodnosc.pl\/index.php\/ciaza\/planowanie-ciazy\/zegar-biologiczny-kobiety-i-mezczyzny\/","name":"Zegar biologiczny kobiety i m\u0119\u017cczyzny - Naturalna P\u0142odno\u015b\u0107","isPartOf":{"@id":"https:\/\/www.naturalna-plodnosc.pl\/#website"},"primaryImageOfPage":{"@id":"https:\/\/www.naturalna-plodnosc.pl\/index.php\/ciaza\/planowanie-ciazy\/zegar-biologiczny-kobiety-i-mezczyzny\/#primaryimage"},"image":{"@id":"https:\/\/www.naturalna-plodnosc.pl\/index.php\/ciaza\/planowanie-ciazy\/zegar-biologiczny-kobiety-i-mezczyzny\/#primaryimage"},"thumbnailUrl":"http:\/\/www.naturalna-plodnosc.pl\/wp-content\/uploads\/2017\/06\/zegar-biologiczny-250x250.jpg","datePublished":"2017-06-05T13:48:44+00:00","breadcrumb":{"@id":"https:\/\/www.naturalna-plodnosc.pl\/index.php\/ciaza\/planowanie-ciazy\/zegar-biologiczny-kobiety-i-mezczyzny\/#breadcrumb"},"inLanguage":"pl-PL","potentialAction":[{"@type":"ReadAction","target":["https:\/\/www.naturalna-plodnosc.pl\/index.php\/ciaza\/planowanie-ciazy\/zegar-biologiczny-kobiety-i-mezczyzny\/"]}]},{"@type":"ImageObject","inLanguage":"pl-PL","@id":"https:\/\/www.naturalna-plodnosc.pl\/index.php\/ciaza\/planowanie-ciazy\/zegar-biologiczny-kobiety-i-mezczyzny\/#primaryimage","url":"http:\/\/www.naturalna-plodnosc.pl\/wp-content\/uploads\/2017\/06\/zegar-biologiczny-250x250.jpg","contentUrl":"http:\/\/www.naturalna-plodnosc.pl\/wp-content\/uploads\/2017\/06\/zegar-biologiczny-250x250.jpg"},{"@type":"BreadcrumbList","@id":"https:\/\/www.naturalna-plodnosc.pl\/index.php\/ciaza\/planowanie-ciazy\/zegar-biologiczny-kobiety-i-mezczyzny\/#breadcrumb","itemListElement":[{"@type":"ListItem","position":1,"name":"Strona g\u0142\u00f3wna","item":"https:\/\/www.naturalna-plodnosc.pl\/"},{"@type":"ListItem","position":2,"name":"Ci\u0105\u017ca","item":"https:\/\/www.naturalna-plodnosc.pl\/index.php\/ciaza\/"},{"@type":"ListItem","position":3,"name":"Planowanie ci\u0105\u017cy","item":"https:\/\/www.naturalna-plodnosc.pl\/index.php\/ciaza\/planowanie-ciazy\/"},{"@type":"ListItem","position":4,"name":"Zegar biologiczny kobiety i m\u0119\u017cczyzny"}]},{"@type":"WebSite","@id":"https:\/\/www.naturalna-plodnosc.pl\/#website","url":"https:\/\/www.naturalna-plodnosc.pl\/","name":"Naturalna P\u0142odno\u015b\u0107","description":"Antykoncepcja Bez Hormon\u00f3w i Planowanie Ci\u0105\u017cy","publisher":{"@id":"https:\/\/www.naturalna-plodnosc.pl\/#organization"},"potentialAction":[{"@type":"SearchAction","target":{"@type":"EntryPoint","urlTemplate":"https:\/\/www.naturalna-plodnosc.pl\/?s={search_term_string}"},"query-input":{"@type":"PropertyValueSpecification","valueRequired":true,"valueName":"search_term_string"}}],"inLanguage":"pl-PL"},{"@type":"Organization","@id":"https:\/\/www.naturalna-plodnosc.pl\/#organization","name":"Naturalna P\u0142odno\u015b\u0107","url":"https:\/\/www.naturalna-plodnosc.pl\/","logo":{"@type":"ImageObject","inLanguage":"pl-PL","@id":"https:\/\/www.naturalna-plodnosc.pl\/#\/schema\/logo\/image\/","url":"https:\/\/i2.wp.com\/www.naturalna-plodnosc.pl\/wp-content\/uploads\/2017\/10\/logo-Naturalna-Plodnosc_favicon.png?fit=68%2C78","contentUrl":"https:\/\/i2.wp.com\/www.naturalna-plodnosc.pl\/wp-content\/uploads\/2017\/10\/logo-Naturalna-Plodnosc_favicon.png?fit=68%2C78","width":68,"height":78,"caption":"Naturalna P\u0142odno\u015b\u0107"},"image":{"@id":"https:\/\/www.naturalna-plodnosc.pl\/#\/schema\/logo\/image\/"},"sameAs":["https:\/\/www.facebook.com\/NaturalnaPlodnosc\/","https:\/\/www.instagram.com\/naturalnaplodnosc.pl\/"]}]}},"jetpack_sharing_enabled":true,"jetpack_shortlink":"https:\/\/wp.me\/P763jt-1Es","jetpack-related-posts":[{"id":10960,"url":"https:\/\/www.naturalna-plodnosc.pl\/index.php\/antykoncepcja-bez-hormonow\/naturalne-planowanie-rodziny-2\/jak-odroznic-sluz-plodny-od-nieplodnego-czy-to-jest-takie-proste\/","url_meta":{"origin":6352,"position":0},"title":"Jak odr\u00f3\u017cni\u0107 \u015bluz p\u0142odny od niep\u0142odnego? Czy to jest takie proste?","author":"Joanna","date":"8 lipca 2020","format":false,"excerpt":"Zar\u00f3wno wygl\u0105d, konsystencja jak i obfito\u015b\u0107 \u015bluzu szyjkowego zmienia si\u0119 w ci\u0105gu cyklu miesi\u0105czkowego i na podstawie tych zmian mo\u017cemy okre\u015bli\u0107, kiedy wyst\u0119puje \u015bluz p\u0142odny a kiedy niep\u0142odny. Wszystkie te cechy zmieniaj\u0105 si\u0119 w czasie wedle okre\u015blonego schematu. Kobieta, kt\u00f3ra zna swoje cia\u0142o zazwyczaj potrafi przewidzie\u0107 na jego podstawie obecn\u0105\u2026","rel":"","context":"Podobny wpis","block_context":{"text":"Podobny wpis","link":""},"img":{"alt_text":"\u015aluz p\u0142odny i \u015bluz niep\u0142odny","src":"http:\/\/www.naturalna-plodnosc.pl\/wp-content\/uploads\/2020\/07\/woman-2486528_640-250x141.jpg","width":350,"height":200},"classes":[]},{"id":9967,"url":"https:\/\/www.naturalna-plodnosc.pl\/index.php\/ciaza\/planowanie-ciazy\/jak-przekonac-partnera-do-posiadania-dziecka\/","url_meta":{"origin":6352,"position":1},"title":"Jak przekona\u0107 partnera do posiadania dziecka","author":"Joanna","date":"18 sierpnia 2019","format":false,"excerpt":"Narodziny dziecka to jeden z wa\u017cniejszych moment\u00f3w z w \u017cyciu ka\u017cdej pary. W idealnej sytuacji jest to \u015bwiadoma decyzja obojga partner\u00f3w. Bywa jednak tak, \u017ce tylko jedna z os\u00f3b pragnie dziecka. Najcz\u0119\u015bciej decyzj\u0119 t\u0119 op\u00f3\u017aniaj\u0105 panowie. Sk\u0105d si\u0119 bierze niech\u0119\u0107 do posiadania potomstwa i w jaki spos\u00f3b przekona\u0107 m\u0119\u017cczyzn\u0119 do\u2026","rel":"","context":"Podobny wpis","block_context":{"text":"Podobny wpis","link":""},"img":{"alt_text":"Jak przekona\u0107 partnera do posiadania dziecka","src":"http:\/\/www.naturalna-plodnosc.pl\/wp-content\/uploads\/2019\/08\/hands-437968_640-250x166.jpg","width":350,"height":200},"classes":[]},{"id":4726,"url":"https:\/\/www.naturalna-plodnosc.pl\/index.php\/antykoncepcja-bez-hormonow\/antykoncepcja-dla-mezczyzn\/","url_meta":{"origin":6352,"position":2},"title":"Antykoncepcja dla m\u0119\u017cczyzn","author":"Joanna","date":"29 maja 2016","format":false,"excerpt":"Antykoncepcja dla m\u0119\u017cczyzn Kiedy poruszany jest temat antykoncepcji, najcz\u0119\u015bciej dotyczy on kobiecego kontekstu. Nadal zdarza si\u0119, \u017ce to kobieta jest obarczona g\u0142\u00f3wn\u0105 odpowiedzialno\u015bci za unikni\u0119cie nieplanowanej ci\u0105\u017cy, bo tylko ona mo\u017ce w ni\u0105 mo\u017ce zaj\u015b\u0107. Ale by tak si\u0119 sta\u0142o do tanga potrzeba przecie\u017c dwojga, tak\u017ce kwestia zabezpieczania si\u0119 le\u017cy\u2026","rel":"","context":"Podobny wpis","block_context":{"text":"Podobny wpis","link":""},"img":{"alt_text":"P\u00e4rchen lachend im Park","src":"http:\/\/www.naturalna-plodnosc.pl\/wp-content\/uploads\/2015\/09\/1e.jpg","width":350,"height":200},"classes":[]},{"id":6284,"url":"https:\/\/www.naturalna-plodnosc.pl\/index.php\/zdrowie\/seks\/mity-o-seksie\/","url_meta":{"origin":6352,"position":3},"title":"Mity o seksie","author":"Joanna","date":"12 maja 2017","format":false,"excerpt":"Mity o seksie M\u0119\u017cczy\u017ani my\u015bl\u0105 wi\u0119cej o seksie ni\u017c kobiety, im d\u0142u\u017cszy cz\u0142onek tym lepszy stosunek, \u00a0dziewica nie mo\u017ce zaj\u015b\u0107 w ci\u0105\u017c\u0119 \u2013 to tylko kilka z wielu mit\u00f3w dotycz\u0105cych seksu, kt\u00f3re niestety nadal kr\u0105\u017c\u0105 w obiegu. Wi\u0119kszo\u015b\u0107 z nich jest nieszkodliwa, jednak niekt\u00f3re potrafi\u0105 nie\u017ale namiesza\u0107. Poznaj najcz\u0119\u015bciej powtarzane\u2026","rel":"","context":"Podobny wpis","block_context":{"text":"Podobny wpis","link":""},"img":{"alt_text":"","src":"http:\/\/www.naturalna-plodnosc.pl\/wp-content\/uploads\/2017\/05\/kkobieta-250x153.jpg","width":350,"height":200},"classes":[]},{"id":19752,"url":"https:\/\/www.naturalna-plodnosc.pl\/index.php\/zdrowie\/seks\/efekt-coolidgea-czym-jest-i-dlaczego-wystepuje-tylko-u-mezczyzn\/","url_meta":{"origin":6352,"position":4},"title":"Efekt Coolidge&#8217;a &#8211; czym jest i dlaczego wyst\u0119puje tylko u m\u0119\u017cczyzn?","author":"Joanna","date":"1 lipca 2024","format":false,"excerpt":"Efekt Coolidge'a to termin stosowany w psychologii i biologii behawioralnej, opisuj\u0105cy zjawisko zwi\u0119kszonej motywacji seksualnej u m\u0119\u017cczyzn w obliczu posiadania nowej partnerki seksualnej. Czy wyst\u0119puje on r\u00f3wnie\u017c u kobiet? Efekt Coolidge'a \u2013 czym jest? Efekt Coolidge'a, znany r\u00f3wnie\u017c jako efekt nowo\u015bci seksualnej, to psychologiczne zjawisko, kt\u00f3re zosta\u0142o nazwane na cze\u015b\u0107\u2026","rel":"","context":"Podobny wpis","block_context":{"text":"Podobny wpis","link":""},"img":{"alt_text":"Efekt Coolidge'a - czym jest i dlaczego wyst\u0119puje tylko u m\u0119\u017cczyzn?","src":"https:\/\/www.naturalna-plodnosc.pl\/wp-content\/uploads\/2024\/07\/model-7702105_640-166x166.jpg","width":350,"height":200},"classes":[]},{"id":5061,"url":"https:\/\/www.naturalna-plodnosc.pl\/index.php\/ciaza\/poradnik-jak-zajsc-w-ciaze\/jak-ulatwic-zajscie-w-ciaze\/","url_meta":{"origin":6352,"position":5},"title":"Jak U\u0142atwi\u0107 Zaj\u015bcie w Ci\u0105\u017c\u0119","author":"Joanna","date":"17 sierpnia 2016","format":false,"excerpt":"\u2026","rel":"","context":"Z 2 komentarzami","block_context":{"text":"Z 2 komentarzami","link":"https:\/\/www.naturalna-plodnosc.pl\/index.php\/ciaza\/poradnik-jak-zajsc-w-ciaze\/jak-ulatwic-zajscie-w-ciaze\/#comments"},"img":{"alt_text":"sleeping newborn","src":"http:\/\/www.naturalna-plodnosc.pl\/wp-content\/uploads\/2015\/08\/jak-zaj\u015b\u0107-w-ci\u0105\u017c\u0119_zdj\u0119cie-do-baneru-dolnego-250x167.jpg","width":350,"height":200},"classes":[]}],"jetpack_likes_enabled":true,"_links":{"self":[{"href":"https:\/\/www.naturalna-plodnosc.pl\/index.php\/wp-json\/wp\/v2\/pages\/6352","targetHints":{"allow":["GET"]}}],"collection":[{"href":"https:\/\/www.naturalna-plodnosc.pl\/index.php\/wp-json\/wp\/v2\/pages"}],"about":[{"href":"https:\/\/www.naturalna-plodnosc.pl\/index.php\/wp-json\/wp\/v2\/types\/page"}],"author":[{"embeddable":true,"href":"https:\/\/www.naturalna-plodnosc.pl\/index.php\/wp-json\/wp\/v2\/users\/1"}],"replies":[{"embeddable":true,"href":"https:\/\/www.naturalna-plodnosc.pl\/index.php\/wp-json\/wp\/v2\/comments?post=6352"}],"version-history":[{"count":0,"href":"https:\/\/www.naturalna-plodnosc.pl\/index.php\/wp-json\/wp\/v2\/pages\/6352\/revisions"}],"up":[{"embeddable":true,"href":"https:\/\/www.naturalna-plodnosc.pl\/index.php\/wp-json\/wp\/v2\/pages\/143"}],"wp:attachment":[{"href":"https:\/\/www.naturalna-plodnosc.pl\/index.php\/wp-json\/wp\/v2\/media?parent=6352"}],"curies":[{"name":"wp","href":"https:\/\/api.w.org\/{rel}","templated":true}]}}