{"id":5445,"date":"2016-10-28T19:23:41","date_gmt":"2016-10-28T17:23:41","guid":{"rendered":"http:\/\/www.naturalna-plodnosc.pl\/?page_id=5445"},"modified":"2016-10-28T19:43:10","modified_gmt":"2016-10-28T17:43:10","slug":"po-co-kobietom-orgazm","status":"publish","type":"page","link":"https:\/\/www.naturalna-plodnosc.pl\/index.php\/zdrowie\/seks\/po-co-kobietom-orgazm\/","title":{"rendered":"Po co kobietom orgazm?"},"content":{"rendered":"<p><strong><br \/>\n<img loading=\"lazy\" decoding=\"async\" data-attachment-id=\"5450\" data-permalink=\"https:\/\/www.naturalna-plodnosc.pl\/index.php\/zdrowie\/seks\/po-co-kobietom-orgazm\/couple-731890_640\/\" data-orig-file=\"https:\/\/www.naturalna-plodnosc.pl\/wp-content\/uploads\/2016\/10\/couple-731890_640.jpg\" data-orig-size=\"640,427\" data-comments-opened=\"1\" data-image-meta=\"{&quot;aperture&quot;:&quot;2.8&quot;,&quot;credit&quot;:&quot;&quot;,&quot;camera&quot;:&quot;NIKON D800&quot;,&quot;caption&quot;:&quot;&quot;,&quot;created_timestamp&quot;:&quot;0&quot;,&quot;copyright&quot;:&quot;&quot;,&quot;focal_length&quot;:&quot;24&quot;,&quot;iso&quot;:&quot;320&quot;,&quot;shutter_speed&quot;:&quot;0.00625&quot;,&quot;title&quot;:&quot;&quot;,&quot;orientation&quot;:&quot;0&quot;}\" data-image-title=\"seks\" data-image-description=\"\" data-image-caption=\"\" data-large-file=\"https:\/\/www.naturalna-plodnosc.pl\/wp-content\/uploads\/2016\/10\/couple-731890_640.jpg\" class=\"size-medium wp-image-5450 alignleft\" src=\"http:\/\/www.naturalna-plodnosc.pl\/wp-content\/uploads\/2016\/10\/couple-731890_640-250x167.jpg\" alt=\"couple-731890_640\" width=\"250\" height=\"167\" srcset=\"https:\/\/www.naturalna-plodnosc.pl\/wp-content\/uploads\/2016\/10\/couple-731890_640.jpg 250w, https:\/\/www.naturalna-plodnosc.pl\/wp-content\/uploads\/2016\/10\/couple-731890_640.jpg 640w\" sizes=\"(max-width: 250px) 100vw, 250px\" \/>Z punktu widzenia biologii mo\u017cna analizowa\u0107 orgazm, jako ten kt\u00f3ry ma bezpo\u015bredni wp\u0142yw na wyst\u0105pienie owulacji (spotykany u wielu gatunk\u00f3w zwierz\u0105t), a tak\u017ce taki, kt\u00f3ry nie jest z ni\u0105 powi\u0105zany \u2013 tak jak w przypadku ludzi. Na prze\u0142omie wiek\u00f3w zderza\u0142o si\u0119 ze sob\u0105 wiele r\u00f3\u017cnych teorii zwi\u0105zanych z mo\u017cliwo\u015bci\u0105\u00a0 prze\u017cywania orgazmu przez kobiety.<\/strong><\/p>\n<p>Je\u015bli chodzi o m\u0119ski orgazm, to z punktu widzenia ewolucji i prokreacji jest on niezb\u0119dny do przed\u0142u\u017cenia gatunku. Je\u015bli nie b\u0119dzie wzwodu cz\u0142onka i wytrysku, czyli og\u00f3lnie m\u00f3wi\u0105c \u2013 w\u0142a\u015bnie orgazmu \u2013 nie dojdzie do zap\u0142odnienia. Zupe\u0142nie inaczej wygl\u0105da to w przypadku kobiet, u kt\u00f3rych brak szczytowania nie wyklucza w \u017caden spos\u00f3b szansy na zaj\u015bcie w ci\u0105\u017c\u0119. Po co w takim razie kobietom orgazm?<\/p>\n<p>Okazuje si\u0119, \u017ce mimo i\u017c kobiecy orgazm nie jest elementem koniecznym, aby dosz\u0142o do zap\u0142odnienia, to jednak mo\u017ce je u\u0142atwi\u0107. W trakcie szczytowania dochodzi do skurcz\u00f3w pochwy i macicy, co powoduje szybszy i bardziej precyzyjny transport plemnik\u00f3w w g\u0142\u0105b kobiety, co z pewno\u015bci\u0105 stwarza sprzyjaj\u0105ce pocz\u0119ciu warunki. Dodatkowo prze\u017cycie orgazmu bardzo zbli\u017ca ze sob\u0105 partner\u00f3w i ma wp\u0142yw na nastr\u00f3j i jako\u015b\u0107 zwi\u0105zku. Kobiety, kt\u00f3re maj\u0105 problem ze szczytowaniem odczuwaj\u0105 pewnego rodzaju niedosyt, niespe\u0142nienie, mog\u0105ce negatywnie odbija\u0107 si\u0119 na relacjach z partnerem.<\/p>\n<p>Orgazm to tak\u017ce wy\u0142adowanie nadmiernych emocji i jednocze\u015bnie kulminacja bardzo przyjemnych dozna\u0144. Powoduje on polepszenie humoru, obni\u017cenie poziomu stresu, a tak\u017ce wzrost endorfin w organizmie, dzi\u0119ki kt\u00f3rym jeste\u015bmy szcz\u0119\u015bliwsi. Jedna z teorii g\u0142osi\u0142a, \u017ce biologicznie orgazm ma pom\u00f3c kobiecie w wyselekcjonowaniu najlepszego partnera, kt\u00f3ry m\u00f3g\u0142by j\u0105 zap\u0142odni\u0107. Tych kt\u00f3rzy nie dostarczaj\u0105 jej przyjemno\u015bci nale\u017cy odrzuci\u0107. Ca\u0142e szcz\u0119\u015bcie dzisiejsze teorie s\u0105 bardziej sp\u00f3jne i sprowadzaj\u0105 si\u0119 ostatecznie do tego, \u017ce kobiecy orgazm powinno traktowa\u0107 si\u0119 jak przyjemno\u015b\u0107 sam\u0105 w sobie, kt\u00f3ra dodatkowo sprzyja pocz\u0119ciu dziecka.<\/p>\n","protected":false},"excerpt":{"rendered":"<p>Z punktu widzenia biologii mo\u017cna analizowa\u0107 orgazm, jako ten kt\u00f3ry ma bezpo\u015bredni wp\u0142yw na wyst\u0105pienie owulacji (spotykany u wielu gatunk\u00f3w zwierz\u0105t), a tak\u017ce taki, kt\u00f3ry nie jest z ni\u0105 powi\u0105zany \u2013 tak jak w przypadku ludzi. Na prze\u0142omie wiek\u00f3w zderza\u0142o si\u0119 ze sob\u0105 wiele r\u00f3\u017cnych teorii zwi\u0105zanych z mo\u017cliwo\u015bci\u0105\u00a0 prze\u017cywania orgazmu przez kobiety. Je\u015bli chodzi [&hellip;]<\/p>\n","protected":false},"author":1,"featured_media":0,"parent":163,"menu_order":0,"comment_status":"open","ping_status":"open","template":"","meta":{"_et_pb_use_builder":"","_et_pb_old_content":"","_et_gb_content_width":"","footnotes":""},"class_list":["post-5445","page","type-page","status-publish","hentry"],"yoast_head":"<!-- This site is optimized with the Yoast SEO plugin v27.4 - https:\/\/yoast.com\/product\/yoast-seo-wordpress\/ -->\n<title>Po co kobietom orgazm? - Naturalna P\u0142odno\u015b\u0107<\/title>\n<meta name=\"robots\" content=\"index, follow, max-snippet:-1, max-image-preview:large, max-video-preview:-1\" \/>\n<link rel=\"canonical\" href=\"https:\/\/www.naturalna-plodnosc.pl\/index.php\/zdrowie\/seks\/po-co-kobietom-orgazm\/\" \/>\n<meta property=\"og:locale\" content=\"pl_PL\" \/>\n<meta property=\"og:type\" content=\"article\" \/>\n<meta property=\"og:title\" content=\"Po co kobietom orgazm? - Naturalna P\u0142odno\u015b\u0107\" \/>\n<meta property=\"og:description\" content=\"Z punktu widzenia biologii mo\u017cna analizowa\u0107 orgazm, jako ten kt\u00f3ry ma bezpo\u015bredni wp\u0142yw na wyst\u0105pienie owulacji (spotykany u wielu gatunk\u00f3w zwierz\u0105t), a tak\u017ce taki, kt\u00f3ry nie jest z ni\u0105 powi\u0105zany \u2013 tak jak w przypadku ludzi. Na prze\u0142omie wiek\u00f3w zderza\u0142o si\u0119 ze sob\u0105 wiele r\u00f3\u017cnych teorii zwi\u0105zanych z mo\u017cliwo\u015bci\u0105\u00a0 prze\u017cywania orgazmu przez kobiety. Je\u015bli chodzi [&hellip;]\" \/>\n<meta property=\"og:url\" content=\"https:\/\/www.naturalna-plodnosc.pl\/index.php\/zdrowie\/seks\/po-co-kobietom-orgazm\/\" \/>\n<meta property=\"og:site_name\" content=\"Naturalna P\u0142odno\u015b\u0107\" \/>\n<meta property=\"article:publisher\" content=\"https:\/\/www.facebook.com\/NaturalnaPlodnosc\/\" \/>\n<meta property=\"article:modified_time\" content=\"2016-10-28T17:43:10+00:00\" \/>\n<meta property=\"og:image\" content=\"http:\/\/www.naturalna-plodnosc.pl\/wp-content\/uploads\/2016\/10\/couple-731890_640-250x167.jpg\" \/>\n<meta name=\"twitter:card\" content=\"summary_large_image\" \/>\n<meta name=\"twitter:label1\" content=\"Szacowany czas czytania\" \/>\n\t<meta name=\"twitter:data1\" content=\"2 minuty\" \/>\n<script type=\"application\/ld+json\" class=\"yoast-schema-graph\">{\"@context\":\"https:\\\/\\\/schema.org\",\"@graph\":[{\"@type\":\"WebPage\",\"@id\":\"https:\\\/\\\/www.naturalna-plodnosc.pl\\\/index.php\\\/zdrowie\\\/seks\\\/po-co-kobietom-orgazm\\\/\",\"url\":\"https:\\\/\\\/www.naturalna-plodnosc.pl\\\/index.php\\\/zdrowie\\\/seks\\\/po-co-kobietom-orgazm\\\/\",\"name\":\"Po co kobietom orgazm? - Naturalna P\u0142odno\u015b\u0107\",\"isPartOf\":{\"@id\":\"https:\\\/\\\/www.naturalna-plodnosc.pl\\\/#website\"},\"primaryImageOfPage\":{\"@id\":\"https:\\\/\\\/www.naturalna-plodnosc.pl\\\/index.php\\\/zdrowie\\\/seks\\\/po-co-kobietom-orgazm\\\/#primaryimage\"},\"image\":{\"@id\":\"https:\\\/\\\/www.naturalna-plodnosc.pl\\\/index.php\\\/zdrowie\\\/seks\\\/po-co-kobietom-orgazm\\\/#primaryimage\"},\"thumbnailUrl\":\"http:\\\/\\\/www.naturalna-plodnosc.pl\\\/wp-content\\\/uploads\\\/2016\\\/10\\\/couple-731890_640-250x167.jpg\",\"datePublished\":\"2016-10-28T17:23:41+00:00\",\"dateModified\":\"2016-10-28T17:43:10+00:00\",\"breadcrumb\":{\"@id\":\"https:\\\/\\\/www.naturalna-plodnosc.pl\\\/index.php\\\/zdrowie\\\/seks\\\/po-co-kobietom-orgazm\\\/#breadcrumb\"},\"inLanguage\":\"pl-PL\",\"potentialAction\":[{\"@type\":\"ReadAction\",\"target\":[\"https:\\\/\\\/www.naturalna-plodnosc.pl\\\/index.php\\\/zdrowie\\\/seks\\\/po-co-kobietom-orgazm\\\/\"]}]},{\"@type\":\"ImageObject\",\"inLanguage\":\"pl-PL\",\"@id\":\"https:\\\/\\\/www.naturalna-plodnosc.pl\\\/index.php\\\/zdrowie\\\/seks\\\/po-co-kobietom-orgazm\\\/#primaryimage\",\"url\":\"http:\\\/\\\/www.naturalna-plodnosc.pl\\\/wp-content\\\/uploads\\\/2016\\\/10\\\/couple-731890_640-250x167.jpg\",\"contentUrl\":\"http:\\\/\\\/www.naturalna-plodnosc.pl\\\/wp-content\\\/uploads\\\/2016\\\/10\\\/couple-731890_640-250x167.jpg\"},{\"@type\":\"BreadcrumbList\",\"@id\":\"https:\\\/\\\/www.naturalna-plodnosc.pl\\\/index.php\\\/zdrowie\\\/seks\\\/po-co-kobietom-orgazm\\\/#breadcrumb\",\"itemListElement\":[{\"@type\":\"ListItem\",\"position\":1,\"name\":\"Strona g\u0142\u00f3wna\",\"item\":\"https:\\\/\\\/www.naturalna-plodnosc.pl\\\/\"},{\"@type\":\"ListItem\",\"position\":2,\"name\":\"Zdrowie\",\"item\":\"https:\\\/\\\/www.naturalna-plodnosc.pl\\\/index.php\\\/zdrowie\\\/\"},{\"@type\":\"ListItem\",\"position\":3,\"name\":\"Seks\",\"item\":\"https:\\\/\\\/www.naturalna-plodnosc.pl\\\/index.php\\\/zdrowie\\\/seks\\\/\"},{\"@type\":\"ListItem\",\"position\":4,\"name\":\"Po co kobietom orgazm?\"}]},{\"@type\":\"WebSite\",\"@id\":\"https:\\\/\\\/www.naturalna-plodnosc.pl\\\/#website\",\"url\":\"https:\\\/\\\/www.naturalna-plodnosc.pl\\\/\",\"name\":\"Naturalna P\u0142odno\u015b\u0107\",\"description\":\"Antykoncepcja Bez Hormon\u00f3w i Planowanie Ci\u0105\u017cy\",\"publisher\":{\"@id\":\"https:\\\/\\\/www.naturalna-plodnosc.pl\\\/#organization\"},\"potentialAction\":[{\"@type\":\"SearchAction\",\"target\":{\"@type\":\"EntryPoint\",\"urlTemplate\":\"https:\\\/\\\/www.naturalna-plodnosc.pl\\\/?s={search_term_string}\"},\"query-input\":{\"@type\":\"PropertyValueSpecification\",\"valueRequired\":true,\"valueName\":\"search_term_string\"}}],\"inLanguage\":\"pl-PL\"},{\"@type\":\"Organization\",\"@id\":\"https:\\\/\\\/www.naturalna-plodnosc.pl\\\/#organization\",\"name\":\"Naturalna P\u0142odno\u015b\u0107\",\"url\":\"https:\\\/\\\/www.naturalna-plodnosc.pl\\\/\",\"logo\":{\"@type\":\"ImageObject\",\"inLanguage\":\"pl-PL\",\"@id\":\"https:\\\/\\\/www.naturalna-plodnosc.pl\\\/#\\\/schema\\\/logo\\\/image\\\/\",\"url\":\"https:\\\/\\\/i2.wp.com\\\/www.naturalna-plodnosc.pl\\\/wp-content\\\/uploads\\\/2017\\\/10\\\/logo-Naturalna-Plodnosc_favicon.png?fit=68%2C78\",\"contentUrl\":\"https:\\\/\\\/i2.wp.com\\\/www.naturalna-plodnosc.pl\\\/wp-content\\\/uploads\\\/2017\\\/10\\\/logo-Naturalna-Plodnosc_favicon.png?fit=68%2C78\",\"width\":68,\"height\":78,\"caption\":\"Naturalna P\u0142odno\u015b\u0107\"},\"image\":{\"@id\":\"https:\\\/\\\/www.naturalna-plodnosc.pl\\\/#\\\/schema\\\/logo\\\/image\\\/\"},\"sameAs\":[\"https:\\\/\\\/www.facebook.com\\\/NaturalnaPlodnosc\\\/\",\"https:\\\/\\\/www.instagram.com\\\/naturalnaplodnosc.pl\\\/\"]}]}<\/script>\n<!-- \/ Yoast SEO plugin. -->","yoast_head_json":{"title":"Po co kobietom orgazm? - Naturalna P\u0142odno\u015b\u0107","robots":{"index":"index","follow":"follow","max-snippet":"max-snippet:-1","max-image-preview":"max-image-preview:large","max-video-preview":"max-video-preview:-1"},"canonical":"https:\/\/www.naturalna-plodnosc.pl\/index.php\/zdrowie\/seks\/po-co-kobietom-orgazm\/","og_locale":"pl_PL","og_type":"article","og_title":"Po co kobietom orgazm? - Naturalna P\u0142odno\u015b\u0107","og_description":"Z punktu widzenia biologii mo\u017cna analizowa\u0107 orgazm, jako ten kt\u00f3ry ma bezpo\u015bredni wp\u0142yw na wyst\u0105pienie owulacji (spotykany u wielu gatunk\u00f3w zwierz\u0105t), a tak\u017ce taki, kt\u00f3ry nie jest z ni\u0105 powi\u0105zany \u2013 tak jak w przypadku ludzi. Na prze\u0142omie wiek\u00f3w zderza\u0142o si\u0119 ze sob\u0105 wiele r\u00f3\u017cnych teorii zwi\u0105zanych z mo\u017cliwo\u015bci\u0105\u00a0 prze\u017cywania orgazmu przez kobiety. Je\u015bli chodzi [&hellip;]","og_url":"https:\/\/www.naturalna-plodnosc.pl\/index.php\/zdrowie\/seks\/po-co-kobietom-orgazm\/","og_site_name":"Naturalna P\u0142odno\u015b\u0107","article_publisher":"https:\/\/www.facebook.com\/NaturalnaPlodnosc\/","article_modified_time":"2016-10-28T17:43:10+00:00","og_image":[{"url":"http:\/\/www.naturalna-plodnosc.pl\/wp-content\/uploads\/2016\/10\/couple-731890_640-250x167.jpg","type":"","width":"","height":""}],"twitter_card":"summary_large_image","twitter_misc":{"Szacowany czas czytania":"2 minuty"},"schema":{"@context":"https:\/\/schema.org","@graph":[{"@type":"WebPage","@id":"https:\/\/www.naturalna-plodnosc.pl\/index.php\/zdrowie\/seks\/po-co-kobietom-orgazm\/","url":"https:\/\/www.naturalna-plodnosc.pl\/index.php\/zdrowie\/seks\/po-co-kobietom-orgazm\/","name":"Po co kobietom orgazm? - Naturalna P\u0142odno\u015b\u0107","isPartOf":{"@id":"https:\/\/www.naturalna-plodnosc.pl\/#website"},"primaryImageOfPage":{"@id":"https:\/\/www.naturalna-plodnosc.pl\/index.php\/zdrowie\/seks\/po-co-kobietom-orgazm\/#primaryimage"},"image":{"@id":"https:\/\/www.naturalna-plodnosc.pl\/index.php\/zdrowie\/seks\/po-co-kobietom-orgazm\/#primaryimage"},"thumbnailUrl":"http:\/\/www.naturalna-plodnosc.pl\/wp-content\/uploads\/2016\/10\/couple-731890_640-250x167.jpg","datePublished":"2016-10-28T17:23:41+00:00","dateModified":"2016-10-28T17:43:10+00:00","breadcrumb":{"@id":"https:\/\/www.naturalna-plodnosc.pl\/index.php\/zdrowie\/seks\/po-co-kobietom-orgazm\/#breadcrumb"},"inLanguage":"pl-PL","potentialAction":[{"@type":"ReadAction","target":["https:\/\/www.naturalna-plodnosc.pl\/index.php\/zdrowie\/seks\/po-co-kobietom-orgazm\/"]}]},{"@type":"ImageObject","inLanguage":"pl-PL","@id":"https:\/\/www.naturalna-plodnosc.pl\/index.php\/zdrowie\/seks\/po-co-kobietom-orgazm\/#primaryimage","url":"http:\/\/www.naturalna-plodnosc.pl\/wp-content\/uploads\/2016\/10\/couple-731890_640-250x167.jpg","contentUrl":"http:\/\/www.naturalna-plodnosc.pl\/wp-content\/uploads\/2016\/10\/couple-731890_640-250x167.jpg"},{"@type":"BreadcrumbList","@id":"https:\/\/www.naturalna-plodnosc.pl\/index.php\/zdrowie\/seks\/po-co-kobietom-orgazm\/#breadcrumb","itemListElement":[{"@type":"ListItem","position":1,"name":"Strona g\u0142\u00f3wna","item":"https:\/\/www.naturalna-plodnosc.pl\/"},{"@type":"ListItem","position":2,"name":"Zdrowie","item":"https:\/\/www.naturalna-plodnosc.pl\/index.php\/zdrowie\/"},{"@type":"ListItem","position":3,"name":"Seks","item":"https:\/\/www.naturalna-plodnosc.pl\/index.php\/zdrowie\/seks\/"},{"@type":"ListItem","position":4,"name":"Po co kobietom orgazm?"}]},{"@type":"WebSite","@id":"https:\/\/www.naturalna-plodnosc.pl\/#website","url":"https:\/\/www.naturalna-plodnosc.pl\/","name":"Naturalna P\u0142odno\u015b\u0107","description":"Antykoncepcja Bez Hormon\u00f3w i Planowanie Ci\u0105\u017cy","publisher":{"@id":"https:\/\/www.naturalna-plodnosc.pl\/#organization"},"potentialAction":[{"@type":"SearchAction","target":{"@type":"EntryPoint","urlTemplate":"https:\/\/www.naturalna-plodnosc.pl\/?s={search_term_string}"},"query-input":{"@type":"PropertyValueSpecification","valueRequired":true,"valueName":"search_term_string"}}],"inLanguage":"pl-PL"},{"@type":"Organization","@id":"https:\/\/www.naturalna-plodnosc.pl\/#organization","name":"Naturalna P\u0142odno\u015b\u0107","url":"https:\/\/www.naturalna-plodnosc.pl\/","logo":{"@type":"ImageObject","inLanguage":"pl-PL","@id":"https:\/\/www.naturalna-plodnosc.pl\/#\/schema\/logo\/image\/","url":"https:\/\/i2.wp.com\/www.naturalna-plodnosc.pl\/wp-content\/uploads\/2017\/10\/logo-Naturalna-Plodnosc_favicon.png?fit=68%2C78","contentUrl":"https:\/\/i2.wp.com\/www.naturalna-plodnosc.pl\/wp-content\/uploads\/2017\/10\/logo-Naturalna-Plodnosc_favicon.png?fit=68%2C78","width":68,"height":78,"caption":"Naturalna P\u0142odno\u015b\u0107"},"image":{"@id":"https:\/\/www.naturalna-plodnosc.pl\/#\/schema\/logo\/image\/"},"sameAs":["https:\/\/www.facebook.com\/NaturalnaPlodnosc\/","https:\/\/www.instagram.com\/naturalnaplodnosc.pl\/"]}]}},"jetpack_sharing_enabled":true,"jetpack_shortlink":"https:\/\/wp.me\/P763jt-1pP","jetpack-related-posts":[{"id":13321,"url":"https:\/\/www.naturalna-plodnosc.pl\/index.php\/zdrowie\/seks\/orgazm-kobiety-rodzaje-i-jak-go-osiagnac\/","url_meta":{"origin":5445,"position":0},"title":"Orgazm kobiety &#8211; rodzaje i jak go osi\u0105gn\u0105\u0107","author":"Joanna","date":"24 kwietnia 2022","format":false,"excerpt":"Orgazm u kobiet mo\u017ce by\u0107 mniej zauwa\u017calny ni\u017c ten u m\u0119\u017cczyzn. Pomimo tego nadal dostarcza wiele przyjemno\u015bci oraz spe\u0142nienia. Rozr\u00f3\u017cnia si\u0119 5 najbardziej popularnych sposob\u00f3w osi\u0105gania orgazmu u kobiety. Jakie s\u0105 rodzaje? Jak go osi\u0105gn\u0105\u0107? Czym jest orgazm? Nie ma jednej definicji orgazmu. Najcz\u0119\u015bciej okre\u015bla si\u0119 go jako kulminacyjne odpr\u0119\u017cenie\u2026","rel":"","context":"Podobny wpis","block_context":{"text":"Podobny wpis","link":""},"img":{"alt_text":"Orgazm kobiety - rodzaje i jak go osi\u0105gn\u0105\u0107","src":"http:\/\/www.naturalna-plodnosc.pl\/wp-content\/uploads\/2022\/04\/legs-g9dca496d3_640-250x166.jpg","width":350,"height":200},"classes":[]},{"id":11040,"url":"https:\/\/www.naturalna-plodnosc.pl\/index.php\/zdrowie\/seks\/preparaty-i-srodki-wspomagajace-orgazm-u-kobiety\/","url_meta":{"origin":5445,"position":1},"title":"Preparaty i \u015brodki wspomagaj\u0105ce orgazm u kobiety","author":"Joanna","date":"4 sierpnia 2020","format":false,"excerpt":"Ka\u017cda kobieta pragnie jak najmocniej prze\u017cywa\u0107 sw\u00f3j orgazm. Jest to rozkosz fizyczna, kt\u00f3r\u0105 trudno por\u00f3wna\u0107 z czymkolwiek innym, przyjemno\u015b\u0107, kt\u00f3ra obni\u017ca napi\u0119cie seksualne i wprawia w stan zaspokojenia i relaksu. Niestety nie zawsze osi\u0105gni\u0119cie orgazmu jest \u0142atwe, a czasem wr\u0119cz zdaje si\u0119 niemo\u017cliwe. Wp\u0142ywa na to wiele czynnik\u00f3w - \u00a0takich\u2026","rel":"","context":"Podobny wpis","block_context":{"text":"Podobny wpis","link":""},"img":{"alt_text":"Orgazm kobiety","src":"http:\/\/www.naturalna-plodnosc.pl\/wp-content\/uploads\/2020\/08\/sexy-4577984_640-1-250x166.jpg","width":350,"height":200},"classes":[]},{"id":4896,"url":"https:\/\/www.naturalna-plodnosc.pl\/index.php\/zdrowie\/seks\/jak-nauczyc-sie-przezywac-orgazm\/","url_meta":{"origin":5445,"position":2},"title":"Jak nauczy\u0107 si\u0119 prze\u017cywa\u0107 orgazm?","author":"Joanna","date":"19 lipca 2016","format":false,"excerpt":"Jak nauczy\u0107 si\u0119 prze\u017cywa\u0107 orgazm? Mi\u0142y wiecz\u00f3r, romantyczna kolacja, d\u0142uga gra wst\u0119pna, dobry seks, par\u0119 nowych pozycji , ale mimo tej jak\u017ce sprzyjaj\u0105cej atmosfer zabrak\u0142o kropki na \u201ei\u201d, czyli satysfakcjonuj\u0105cego szczytowania. Mniejszy problem, gdy przytrafia Ci si\u0119 to sporadycznie. Je\u015bli jednak orgazm rzadko zagl\u0105da do Twojej sypialni lub jeszcze nigdy\u2026","rel":"","context":"Podobny wpis","block_context":{"text":"Podobny wpis","link":""},"img":{"alt_text":"para","src":"http:\/\/www.naturalna-plodnosc.pl\/wp-content\/uploads\/2016\/07\/para-250x250.jpg","width":350,"height":200},"classes":[]},{"id":18494,"url":"https:\/\/www.naturalna-plodnosc.pl\/index.php\/zdrowie\/seks\/jak-przyspieszyc-orgazm-u-kobiety\/","url_meta":{"origin":5445,"position":3},"title":"Jak przy\u015bpieszy\u0107 orgazm u kobiety?","author":"Joanna","date":"1 listopada 2023","format":false,"excerpt":"Dla wielu kobiet osi\u0105gni\u0119cie orgazmu jest d\u0142ugotrwa\u0142ym i \u017cmudnym procesem. A tymczasem powinien skupia\u0107 si\u0119 na przyjemno\u015bci. Czy istniej\u0105 sposoby, \u017ceby \u0142atwiej osi\u0105gn\u0105\u0107 orgazm? Jak przy\u015bpieszy\u0107 osi\u0105gni\u0119cie orgazmu u kobiety? Niewa\u017cne, czy planujesz uprawia\u0107 seks z drug\u0105 osob\u0105, czy te\u017c sp\u0119dzi\u0107 chwil\u0119 solo, przede wszystkim poznaj siebie. Dotykaj swojego cia\u0142a\u2026","rel":"","context":"Podobny wpis","block_context":{"text":"Podobny wpis","link":""},"img":{"alt_text":"Jak przy\u015bpieszy\u0107 orgazm u kobiety?","src":"http:\/\/www.naturalna-plodnosc.pl\/wp-content\/uploads\/2023\/11\/sexually-4577984_640-250x166.jpg","width":350,"height":200},"classes":[]},{"id":13332,"url":"https:\/\/www.naturalna-plodnosc.pl\/index.php\/zdrowie\/seks\/brak-orgazmu-u-kobiety-przyczyny-i-leczenie\/","url_meta":{"origin":5445,"position":4},"title":"Brak orgazmu u kobiety &#8211; przyczyny i leczenie","author":"Joanna","date":"28 kwietnia 2022","format":false,"excerpt":"Brak orgazmu u kobiety jest popularnym, cho\u0107 cz\u0119sto pomijanym problemem. Kobieca seksualno\u015b\u0107 nadal pozostaje tematem tabu. Szacuje si\u0119, \u017ce oko\u0142o 4% populacji kobiet ma problem z osi\u0105gni\u0119ciem orgazmu, jednak zaburzenie mo\u017ce by\u0107 szersze. Jakie s\u0105 jego przyczyny? Jak go leczy\u0107? Brak orgazmu u kobiety \u2013 przyczyny Anorgazmia odnosi si\u0119 do\u2026","rel":"","context":"Podobny wpis","block_context":{"text":"Podobny wpis","link":""},"img":{"alt_text":"Brak orgazmu u kobiety - przyczyny i leczenie","src":"http:\/\/www.naturalna-plodnosc.pl\/wp-content\/uploads\/2022\/04\/girl-ge5627d890_640-250x158.jpg","width":350,"height":200},"classes":[]},{"id":4872,"url":"https:\/\/www.naturalna-plodnosc.pl\/index.php\/zdrowie\/seks\/co-to-jest-orgazm-sprawdz-jakiego-typu-orgazm-przezywasz\/","url_meta":{"origin":5445,"position":5},"title":"Co to jest orgazm ? Sprawd\u017a jakiego typu orgazm prze\u017cywasz ?","author":"Joanna","date":"15 lipca 2016","format":false,"excerpt":"Co to jest orgazm ? Sprawd\u017a jakiego typu orgazm prze\u017cywasz ? Seks ju\u017c od dawna przesta\u0142 by\u0107 tematem tabu dla Polak\u00f3w. Jest obecny na ka\u017cdym kroku, poczynaj\u0105c od reklamy \u017celu pod prysznic, ko\u0144cz\u0105c na naszej w\u0142asnej sypialni. To z czym nierozerwalnie si\u0119 \u0142\u0105czy, to\u00a0 najbardziej wyczekiwany punkt kulminacyjny ka\u017cdego stosunku,\u2026","rel":"","context":"Podobny wpis","block_context":{"text":"Podobny wpis","link":""},"img":{"alt_text":"14792","src":"http:\/\/www.naturalna-plodnosc.pl\/wp-content\/uploads\/2015\/09\/14792.jpg","width":350,"height":200},"classes":[]}],"jetpack_likes_enabled":true,"_links":{"self":[{"href":"https:\/\/www.naturalna-plodnosc.pl\/index.php\/wp-json\/wp\/v2\/pages\/5445","targetHints":{"allow":["GET"]}}],"collection":[{"href":"https:\/\/www.naturalna-plodnosc.pl\/index.php\/wp-json\/wp\/v2\/pages"}],"about":[{"href":"https:\/\/www.naturalna-plodnosc.pl\/index.php\/wp-json\/wp\/v2\/types\/page"}],"author":[{"embeddable":true,"href":"https:\/\/www.naturalna-plodnosc.pl\/index.php\/wp-json\/wp\/v2\/users\/1"}],"replies":[{"embeddable":true,"href":"https:\/\/www.naturalna-plodnosc.pl\/index.php\/wp-json\/wp\/v2\/comments?post=5445"}],"version-history":[{"count":0,"href":"https:\/\/www.naturalna-plodnosc.pl\/index.php\/wp-json\/wp\/v2\/pages\/5445\/revisions"}],"up":[{"embeddable":true,"href":"https:\/\/www.naturalna-plodnosc.pl\/index.php\/wp-json\/wp\/v2\/pages\/163"}],"wp:attachment":[{"href":"https:\/\/www.naturalna-plodnosc.pl\/index.php\/wp-json\/wp\/v2\/media?parent=5445"}],"curies":[{"name":"wp","href":"https:\/\/api.w.org\/{rel}","templated":true}]}}